 + 22?
-110131
In base 11, what is 4 + -521?
-518
In base 11, what is -145 + -8?
-152
In base 2, what is 11001110100110 - 0?
11001110100110
In base 12, what is -3 - -38?
35
In base 14, what is -78 + -23?
-9b
In base 13, what is -bc - 7?
-c6
In base 16, what is 2 - 17a?
-178
In base 5, what is 101 + 11?
112
In base 13, what is -4 + -3845?
-3849
In base 3, what is -10012 + 100?
-2212
In base 4, what is -1332310 - 3?
-1332313
In base 16, what is -f - e2?
-f1
In base 5, what is -11 - 33111?
-33122
In base 12, what is -9 + -34?
-41
In base 3, what is 11 + 101000?
101011
In base 8, what is 133 - 3?
130
In base 10, what is -226 - 6?
-232
In base 16, what is -4b - -8?
-43
In base 9, what is -1 - 2756?
-2757
In base 15, what is -4 - d8?
-dc
In base 9, what is -18 - -412?
383
In base 2, what is 11 + 1001011?
1001110
In base 13, what is -13a - 43?
-180
In base 13, what is -b - 2?
-10
In base 3, what is -2 - 2120020?
-2120022
In base 11, what is -1 + 393?
392
In base 8, what is 12 + 40?
52
In base 16, what is -257 - c?
-263
In base 15, what is -72 + 22?
-50
In base 12, what is -1 + 1a?
19
In base 6, what is 5 - -14?
23
In base 6, what is 433 + 51?
524
In base 15, what is -5 + 14?
e
In base 6, what is -3 + -4?
-11
In base 6, what is 5 + 24?
33
In base 7, what is -22 + 5?
-14
In base 6, what is 0 - -22040?
22040
In base 12, what is -2 + -239?
-23b
In base 4, what is 0 - 212011?
-212011
In base 2, what is 101000001 + -1?
101000000
In base 4, what is 2 - 12?
-10
In base 2, what is -110000 + 100011010?
11101010
In base 2, what is 1 - -1010101?
1010110
In base 14, what is -c + -3d?
-4b
In base 5, what is -200431 - -3?
-200423
In base 5, what is -4 - 1002?
-1011
In base 12, what is 7 - 2a2?
-297
In base 10, what is 4 - -27?
31
In base 5, what is 111 - -30?
141
In base 7, what is -1 - -1406?
1405
In base 13, what is 199 - -1?
19a
In base 3, what is -11 - -21021?
21010
In base 3, what is 1122202 + 11?
1122220
In base 13, what is 14 + 9?
20
In base 16, what is -5 - -7ff?
7fa
In base 12, what is 2 - -248?
24a
In base 6, what is -10 + -312?
-322
In base 16, what is -2 + b5?
b3
In base 11, what is 8 + -89?
-81
In base 8, what is 3 - -3642?
3645
In base 11, what is 138 - -14?
151
In base 16, what is 99 - -9?
a2
In base 6, what is -1 + 2554?
2553
In base 5, what is 40 - -2041?
2131
In base 11, what is 1456a + 5?
14574
In base 16, what is -2 - 9?
-b
In base 5, what is 0 + 1142?
1142
In base 5, what is -1 - 3230?
-3231
In base 12, what is 41 - 23?
1a
In base 12, what is 6 - 27?
-21
In base 3, what is 1 + -102?
-101
In base 3, what is 1020 - 20?
1000
In base 8, what is 4 - -353?
357
In base 8, what is -640 + 5?
-633
In base 6, what is 0 - -30444?
30444
In base 6, what is -4 - 5524?
-5532
In base 14, what is b + 17b?
188
In base 2, what is -1000 - 1010111?
-1011111
In base 15, what is -2 + -17a?
-17c
In base 7, what is -51 + 4?
-44
In base 14, what is 9 - -400?
409
In base 15, what is -1957 + 5?
-1952
In base 14, what is -1c5 - 3?
-1c8
In base 7, what is 314 + -4?
310
In base 12, what is -1115 + -5?
-111a
In base 16, what is e + 9e?
ac
In base 4, what is 101 - -11110?
11211
In base 10, what is -1654 - 4?
-1658
In base 10, what is 13 - 4?
9
In base 14, what is -11 + 1cc?
1bb
In base 6, what is -3255 - -2?
-3253
In base 16, what is -d + -37?
-44
In base 2, what is -1101 - -11?
-1010
In base 14, what is c4b + 5?
c52
In base 7, what is -453 + 33?
-420
In base 12, what is -514 - 1?
-515
In base 16, what is 3 - -26f?
272
In base 3, what is 1 - -1100?
1101
In base 16, what is 8 + -d8?
-d0
In base 3, what is -12 - 1012222?
-1020011
In base 16, what is 4 + 19e?
1a2
In base 11, what is 3 + -101?
-a9
In base 14, what is 1d9 + -16?
1c3
In base 3, what is 111 - 202?
-21
In base 16, what is -6 + -70?
-76
In base 2, what is -110 + -1110111?
-1111101
In base 4, what is 10 + -1321?
-1311
In base 16, what is -2 + -2d4?
-2d6
In base 10, what is 34 + 28?
62
In base 12, what is -924b + -1?
-9250
In base 5, what is 12 + 241?
303
In base 15, what is -23 - 7?
-2a
In base 4, what is -2320 + -21?
-3001
In base 2, what is -1011 + -10?
-1101
In base 5, what is 24230 + 1?
24231
In base 2, what is 1000000011 - -11?
1000000110
In base 16, what is 4 + 82?
86
In base 12, what is 3b + -68?
-29
In base 6, what is 13 - 100?
-43
In base 10, what is 5 + -93?
-88
In base 5, what is -21122 - -1?
-21121
In base 13, what is -738 + -7?
-742
In base 7, what is -103 - -3?
-100
In base 2, what is -10111 + 111?
-10000
In base 7, what is 4 - 126?
-122
In base 8, what is 4 + -101?
-75
In base 7, what is -4 + 231?
224
In base 7, what is 1006 - -30?
1036
In base 14, what is -b6 - -2?
-b4
In base 9, what is -7 - -36?
28
In base 15, what is 6674 + 3?
6677
In base 6, what is 23 + 140?
203
In base 13, what is -3379 - 2?
-337b
In base 5, what is 3202 + -2?
3200
In base 7, what is 6 - 2056?
-2050
In base 9, what is -7 - 57?
-65
In base 5, what is 4 - 130?
-121
In base 10, what is 206 + 109?
315
In base 4, what is 1122 + 2?
1130
In base 14, what is -4 + -34?
-38
In base 6, what is -3 - 25?
-32
In base 11, what is -19 + -2?
-20
In base 12, what is -296 - -6?
-290
In base 5, what is 1 - 104324?
-104323
In base 4, what is 30 + 20?
110
In base 16, what is 3 - -87?
8a
In base 10, what is 0 - -191?
191
In base 5, what is -33 - 30?
-113
In base 15, what is -53 - 47?
-9a
In base 9, what is -5 + -350?
-355
In base 3, what is 1 - -2112?
2120
In base 11, what is 1538 - -2?
153a
In base 15, what is 271 - -2?
273
In base 14, what is -19 + -5?
-20
In base 11, what is 1 + 85a?
860
In base 9, what is 7884 - 3?
7881
In base 8, what is -2 + 120?
116
In base 4, what is -131 + -12?
-203
In base 9, what is 1 + 885?
886
In base 3, what is 10 + -12122?
-12112
In base 4, what is -20 - 2031?
-2111
In base 8, what is 1 - -2253?
2254
In base 11, what is 451 + 3?
454
In base 15, what is 1b - -52?
6d
In base 12, what is -a24 + 2?
-a22
In base 5, what is 2 + -1043?
-1041
In base 15, what is 5 - -d2?
d7
In base 13, what is 11 - -136?
147
In base 8, what is -3 - -402?
377
In base 16, what is 14 + 45?
59
In base 5, what is -4 + -13004?
-13013
In base 8, what is 27 + -13?
14
In base 10, what is 58 - 24?
34
In base 14, what is 2c7 - -2?
2c9
In base 2, what is 10000011111000 + 0?
10000011111000
In base 14, what is 66 + 1c5?
24b
In base 7, what is -53461 - -3?
-53455
In base 3, what is 2 - 122122?
-122120
In base 10, what is 90 - 13?
77
In base 3, what is -12020 - -1?
-12012
In base 9, what is -358 + -4?
-363
In base 4, what is 3303 + 111?
10020
In base 13, what is 16 + -3?
13
In base 3, what is -1 - -101?
100
In base 11, what is 0 - -144?
144
In base 16, what is -11 + -c4?
-d5
In base 12, what is -6 - -18?
12
In base 3, what is 2010 + 201?
2211
In base 12, what is 0 - 435?
-435
In base 6, what is -1521 - -10?
-1511
In base 4, what is -1103 - -10?
-1033
In base 9, what is -2360 + 11?
-2348
In base 3, what is 1201 + 1210?
10111
In base 8, what is 1 - 35?
-34
In base 12, what is -2 + -33?
-35
In base 9, what is -2 + 14584?
14582
In base 15, what is -2d0 - 0?
-2d0
In base 2, what is -10010101101 - 1001?
-10010110110
In base 9, what is 2 - -211?
213
In base 3, what is 202222100 + 2?
202222102
In base 16, what is -5 - -49?
44
In base 16, what is -d3e + -2?
-d40
In base 3, what is 202110 - 12?
202021
In base 8, what is -11 - 14?
-25
In base 12, what is -144 - 5?
-149
In base 7, what is 30 - 42?
-12
In base 11, what is -504 - 0?
-504
In base 7, what is 3 + 16?
22
In base 14, what is -2c + -14?
-42
In base 14, what is 1651 + -3?
164c
In base 10, what is 69 + -5?
64
In base 9, what is 0 + -557?
-557
In base 13, what is 0 - -2b4?
2b4
In base 8, what is 27 - -47?
76
In base 4, what is 10 - -30021?
30031
In base 7, what is 1500 - -12?
1512
In base 2, what is 10 - 1010110111010?
-1010110111000
In base 12, what is -74 - 33?
-a7
In base 6, what is -4 + 1542?
1534
In base 13, what is -154 - -1?
-153
In base 10, what is 5967 - 3?
5964
In base 5, what is 2323 + -1?
2322
In base 12, what is -4 + 30?
28
In base 13, what is -16 + 3ab?
395
In base 2, what is -10 - 1000?
-1010
In base 10, what is -400 + 3?
-397
In base 7, what is 5113 + -6?
5104
In base 5, what is -3104 + 3?
-3101
In base 7, what is 216 + -16?
200
In base 3, what is -2 + 120020?
120011
In base 12, what is -4a - 21?
-6